{"id":162,"date":"2025-05-17T11:23:57","date_gmt":"2025-05-17T11:23:57","guid":{"rendered":"https:\/\/piotrfron.art\/?page_id=162"},"modified":"2025-05-17T11:24:20","modified_gmt":"2025-05-17T11:24:20","slug":"ono-1","status":"publish","type":"page","link":"https:\/\/piotrfron.art\/index.php\/ono-1\/","title":{"rendered":""},"content":{"rendered":"\n<figure class=\"wp-block-image aligncenter size-large is-style-rounded\" style=\"margin-top:0;margin-bottom:0\"><img loading=\"lazy\" decoding=\"async\" width=\"1024\" height=\"683\" src=\"https:\/\/piotrfron.art\/wp-content\/uploads\/2025\/05\/Ono-1-1024x683.png\" alt=\"\" class=\"wp-image-163\" srcset=\"https:\/\/piotrfron.art\/wp-content\/uploads\/2025\/05\/Ono-1-1024x683.png 1024w, https:\/\/piotrfron.art\/wp-content\/uploads\/2025\/05\/Ono-1-300x200.png 300w, https:\/\/piotrfron.art\/wp-content\/uploads\/2025\/05\/Ono-1-768x512.png 768w, https:\/\/piotrfron.art\/wp-content\/uploads\/2025\/05\/Ono-1.png 1536w\" sizes=\"auto, (max-width: 1024px) 100vw, 1024px\" \/><\/figure>\n\n\n\n<div style=\"height:31px\" aria-hidden=\"true\" class=\"wp-block-spacer\"><\/div>\n\n\n\n<p class=\"has-text-align-right\" style=\"margin-bottom:var(--wp--preset--spacing--20);font-size:0.7rem\">fot. Edgar de Poray<\/p>\n\n\n\n<p class=\"has-text-align-left has-lato-font-family\">Piotr Fro\u0144<\/p>\n\n\n\n<p class=\"has-text-align-left has-lato-font-family has-x-large-font-size\" style=\"font-style:normal;font-weight:400;letter-spacing:-1px;line-height:1.2\">ONO-1<\/p>\n\n\n\n<p class=\"has-text-align-left has-lato-font-family has-small-font-size\" style=\"margin-top:var(--wp--preset--spacing--20)\">TEATR KOCHANOWSKIEGO W OPOLU<\/p>\n\n\n\n<p class=\"has-text-align-left has-lato-font-family has-small-font-size\" style=\"margin-top:0;margin-bottom:var(--wp--preset--spacing--20);font-style:italic;font-weight:400\">PREMIERA: 24 pa\u017adziernika 2024<\/p>\n\n\n\n<p class=\"has-lato-font-family\" style=\"margin-top:var(--wp--preset--spacing--20);margin-bottom:var(--wp--preset--spacing--20)\">Niedaleka przysz\u0142o\u015b\u0107.<\/p>\n\n\n\n<p class=\"has-lato-font-family has-medium-font-size\" style=\"margin-top:var(--wp--preset--spacing--20);margin-bottom:var(--wp--preset--spacing--20)\">Krzysiek i Maja to para po trzydziestce. Pewni swojego miejsca w \u015bwiecie maj\u0105 przed sob\u0105 koj\u0105co przewidywalne \u017cycie. Znaj\u0105 sw\u00f3j \u015bwiat i siebie nawzajem.<\/p>\n\n\n\n<p><\/p>\n\n\n\n<p class=\"has-lato-font-family has-medium-font-size\" style=\"margin-top:var(--wp--preset--spacing--20);margin-bottom:var(--wp--preset--spacing--20)\">Helena i Janek, matka i jej doros\u0142y syn, mieszkaj\u0105 pi\u0119tro wy\u017cej. Ona \u2014 niegdy\u015b rozchwytywana kompozytorka, on \u2014 programista badaj\u0105cy horyzonty relacji mi\u0119dzy cz\u0142owiekiem a sztuczn\u0105 inteligencj\u0105.<\/p>\n\n\n\n<p class=\"has-lato-font-family has-medium-font-size\" style=\"margin-top:var(--wp--preset--spacing--20);margin-bottom:var(--wp--preset--spacing--20)\">Zosia \u2014 przyjaci\u00f3\u0142ka Krzy\u015bka \u2014 zmaga si\u0119 z l\u0119kami spo\u0142ecznymi. W radzeniu sobie z nimi pomaga jej Szymon \u2014 brat Mai\u00a0 \u2014 z kt\u00f3rym buduje oparty na opieku\u0144czo\u015bci zwi\u0105zek.<\/p>\n\n\n\n<p><\/p>\n\n\n\n<p class=\"has-lato-font-family has-medium-font-size\" style=\"margin-top:var(--wp--preset--spacing--20);margin-bottom:var(--wp--preset--spacing--20)\">Rzeczywisto\u015b\u0107 sze\u015bciorga postaci ulega zmianie, kiedy w domu Mai i Krzy\u015bka pojawia si\u0119 ONO-1 \u2014 android-niemowl\u0119. Prosty test na bycie rodzicem, stawia m\u0142od\u0105 par\u0119 przed konieczno\u015bci\u0105 rewizji tego, w co dotychczas wierzyli. Wraz z pozosta\u0142ymi bohaterami zostaj\u0105 postawieni przed pytaniami zar\u00f3wno o swoj\u0105 przysz\u0142o\u015b\u0107, jak i o zakopan\u0105 pod wieloma warstwami wspomnie\u0144 przesz\u0142o\u015b\u0107. Ka\u017cde z nich stanie przed lustrem technologii, by opowiedzie\u0107 o osobie, kt\u00f3r\u0105 widzi w jego odbiciu.<\/p>\n\n\n\n<p><\/p>\n\n\n\n<p class=\"has-text-align-right has-lato-font-family\">[opis pochodzi ze strony teatru]<\/p>\n\n\n\n<p class=\"has-lato-font-family has-medium-font-size\" style=\"margin-top:var(--wp--preset--spacing--50);margin-bottom:var(--wp--preset--spacing--20);font-style:normal;font-weight:900\">OBSADA<\/p>\n\n\n\n<p><\/p>\n\n\n\n<div class=\"wp-block-group has-global-padding is-layout-constrained wp-block-group-is-layout-constrained\" style=\"margin-top:var(--wp--preset--spacing--20);margin-bottom:var(--wp--preset--spacing--20)\">\n<p class=\"has-lato-font-family has-medium-font-size\">Cecylia Caban<\/p>\n<\/div>\n\n\n\n<p class=\"has-lato-font-family has-medium-font-size\"><\/p>\n\n\n\n<div class=\"wp-block-group has-global-padding is-layout-constrained wp-block-group-is-layout-constrained\" style=\"margin-top:var(--wp--preset--spacing--20);margin-bottom:var(--wp--preset--spacing--20)\">\n<p class=\"has-lato-font-family has-medium-font-size\">Aleksander Ga\u0142\u0105zka<\/p>\n<\/div>\n\n\n\n<p class=\"has-lato-font-family has-medium-font-size\"><\/p>\n\n\n\n<div class=\"wp-block-group has-global-padding is-layout-constrained wp-block-group-is-layout-constrained\" style=\"margin-top:var(--wp--preset--spacing--20);margin-bottom:var(--wp--preset--spacing--20)\">\n<p class=\"has-lato-font-family has-medium-font-size\">Magdalena Ma\u015bcianica<\/p>\n<\/div>\n\n\n\n<p class=\"has-lato-font-family has-medium-font-size\"><\/p>\n\n\n\n<div class=\"wp-block-group has-global-padding is-layout-constrained wp-block-group-is-layout-constrained\" style=\"margin-top:var(--wp--preset--spacing--20);margin-bottom:var(--wp--preset--spacing--20)\">\n<p class=\"has-lato-font-family has-medium-font-size\">Radomir Rospondek<\/p>\n<\/div>\n\n\n\n<p class=\"has-lato-font-family has-medium-font-size\"><\/p>\n\n\n\n<div class=\"wp-block-group has-global-padding is-layout-constrained wp-block-group-is-layout-constrained\" style=\"margin-top:var(--wp--preset--spacing--20);margin-bottom:var(--wp--preset--spacing--20)\">\n<p class=\"has-lato-font-family has-medium-font-size\">Monika Stanek<\/p>\n\n\n\n<p class=\"has-lato-font-family has-medium-font-size\"><\/p>\n\n\n\n<div class=\"wp-block-group has-global-padding is-layout-constrained wp-block-group-is-layout-constrained\" style=\"margin-top:var(--wp--preset--spacing--20);margin-bottom:var(--wp--preset--spacing--20)\">\n<p class=\"has-lato-font-family has-medium-font-size\">Konrad Wosik<\/p>\n<\/div>\n\n\n\n<p class=\"has-lato-font-family has-small-font-size\">g\u0142os<\/p>\n\n\n\n<p class=\"has-lato-font-family has-medium-font-size\">Bartosz Dziedzic<\/p>\n\n\n\n<p class=\"has-lato-font-family has-medium-font-size\">Judyta Paradzi\u0144ska<\/p>\n\n\n\n<div class=\"wp-block-group has-global-padding is-layout-constrained wp-block-group-is-layout-constrained\" style=\"margin-top:var(--wp--preset--spacing--20);margin-bottom:var(--wp--preset--spacing--20)\">\n<p class=\"has-lato-font-family has-small-font-size\">materia\u0142y video<\/p>\n\n\n\n<p class=\"has-lato-font-family has-medium-font-size\">Martyna Peszel<\/p>\n\n\n\n<p class=\"has-lato-font-family has-medium-font-size\"><\/p>\n<\/div>\n<\/div>\n\n\n\n<p class=\"has-lato-font-family has-medium-font-size\" style=\"margin-top:var(--wp--preset--spacing--50);margin-bottom:var(--wp--preset--spacing--20);font-style:normal;font-weight:900\">REALIZACJA<\/p>\n\n\n\n<p class=\"has-lato-font-family has-medium-font-size\"><\/p>\n\n\n\n<div class=\"wp-block-group has-global-padding is-layout-constrained wp-block-group-is-layout-constrained\" style=\"margin-top:var(--wp--preset--spacing--20);margin-bottom:var(--wp--preset--spacing--20)\">\n<p class=\"has-lato-font-family has-small-font-size\">Re\u017cyseria i muzyka<\/p>\n\n\n\n<p class=\"has-lato-font-family has-medium-font-size\">Wera Makowskx<\/p>\n<\/div>\n\n\n\n<p class=\"has-lato-font-family has-medium-font-size\"><\/p>\n\n\n\n<div class=\"wp-block-group has-global-padding is-layout-constrained wp-block-group-is-layout-constrained\" style=\"margin-top:var(--wp--preset--spacing--20);margin-bottom:var(--wp--preset--spacing--20)\">\n<p class=\"has-lato-font-family has-small-font-size\">Tekst i dramaturgia<\/p>\n\n\n\n<p class=\"has-lato-font-family has-medium-font-size\">Piotr Fro\u0144<\/p>\n<\/div>\n\n\n\n<p class=\"has-lato-font-family has-medium-font-size\"><\/p>\n\n\n\n<div class=\"wp-block-group has-global-padding is-layout-constrained wp-block-group-is-layout-constrained\" style=\"margin-top:var(--wp--preset--spacing--20);margin-bottom:var(--wp--preset--spacing--20)\">\n<p class=\"has-lato-font-family has-small-font-size\">Scenografia, kostiumy, \u015bwiat\u0142o<\/p>\n\n\n\n<p class=\"has-lato-font-family has-medium-font-size\">Kalina Ga\u0142ecka<\/p>\n<\/div>\n\n\n\n<p class=\"has-lato-font-family has-medium-font-size\"><\/p>\n\n\n\n<div class=\"wp-block-group has-global-padding is-layout-constrained wp-block-group-is-layout-constrained\" style=\"margin-top:var(--wp--preset--spacing--20);margin-bottom:var(--wp--preset--spacing--20)\">\n<p class=\"has-lato-font-family has-small-font-size\">Choreografia<\/p>\n\n\n\n<p class=\"has-lato-font-family has-medium-font-size\">Magdalena Kawecka<\/p>\n<\/div>\n\n\n\n<p class=\"has-lato-font-family has-medium-font-size\"><\/p>\n\n\n\n<div class=\"wp-block-group has-global-padding is-layout-constrained wp-block-group-is-layout-constrained\" style=\"margin-top:var(--wp--preset--spacing--20);margin-bottom:var(--wp--preset--spacing--20)\">\n<p class=\"has-lato-font-family has-small-font-size\">Video<\/p>\n\n\n\n<p class=\"has-lato-font-family has-medium-font-size\">Mateusz Rzo\u0144ca<\/p>\n<\/div>\n\n\n\n<p class=\"has-lato-font-family has-medium-font-size\"><\/p>\n\n\n\n<p class=\"has-lato-font-family has-medium-font-size\"><\/p>\n\n\n\n<hr class=\"wp-block-separator has-text-color has-secondary-color has-alpha-channel-opacity has-secondary-background-color has-background is-style-dots\" style=\"margin-top:var(--wp--preset--spacing--20);margin-bottom:var(--wp--preset--spacing--20)\"\/>\n\n\n\n<div class=\"wp-block-buttons is-layout-flex wp-block-buttons-is-layout-flex\">\n<div class=\"wp-block-button\"><a class=\"wp-block-button__link has-pale-cyan-blue-background-color has-background wp-element-button\" href=\"https:\/\/teatropole.pl\/spektakle\/ono-1\/\" style=\"padding-top:0;padding-bottom:0\">bilety<\/a><\/div>\n<\/div>\n\n\n\n<p><\/p>\n","protected":false},"excerpt":{"rendered":"<p>fot. Edgar de Poray Piotr Fro\u0144 ONO-1 TEATR KOCHANOWSKIEGO W OPOLU PREMIERA: 24 pa\u017adziernika 2024 Niedaleka przysz\u0142o\u015b\u0107. Krzysiek i Maja to para po trzydziestce. Pewni swojego miejsca w \u015bwiecie maj\u0105 przed sob\u0105 koj\u0105co przewidywalne \u017cycie. Znaj\u0105 sw\u00f3j \u015bwiat i siebie nawzajem. Helena i Janek, matka i jej doros\u0142y syn, mieszkaj\u0105 pi\u0119tro wy\u017cej. Ona \u2014 niegdy\u015b [&hellip;]<\/p>\n","protected":false},"author":1,"featured_media":0,"parent":0,"menu_order":0,"comment_status":"closed","ping_status":"closed","template":"","meta":{"footnotes":""},"class_list":["post-162","page","type-page","status-publish","hentry"],"_links":{"self":[{"href":"https:\/\/piotrfron.art\/index.php\/wp-json\/wp\/v2\/pages\/162","targetHints":{"allow":["GET"]}}],"collection":[{"href":"https:\/\/piotrfron.art\/index.php\/wp-json\/wp\/v2\/pages"}],"about":[{"href":"https:\/\/piotrfron.art\/index.php\/wp-json\/wp\/v2\/types\/page"}],"author":[{"embeddable":true,"href":"https:\/\/piotrfron.art\/index.php\/wp-json\/wp\/v2\/users\/1"}],"replies":[{"embeddable":true,"href":"https:\/\/piotrfron.art\/index.php\/wp-json\/wp\/v2\/comments?post=162"}],"version-history":[{"count":1,"href":"https:\/\/piotrfron.art\/index.php\/wp-json\/wp\/v2\/pages\/162\/revisions"}],"predecessor-version":[{"id":164,"href":"https:\/\/piotrfron.art\/index.php\/wp-json\/wp\/v2\/pages\/162\/revisions\/164"}],"wp:attachment":[{"href":"https:\/\/piotrfron.art\/index.php\/wp-json\/wp\/v2\/media?parent=162"}],"curies":[{"name":"wp","href":"https:\/\/api.w.org\/{rel}","templated":true}]}}